se 9 = 3*g - 2*f, -q*g - 4*f - 6 - 1 = 0. What is the units digit of g?
1
Let g(i) = i**2 - 1. Let u(s) = 4*s**2 + 8*s. Let r(n) = 5*g(n) - u(n). What is the units digit of r(10)?
5
Suppose 0 = g - 5*i - 98 + 5, 5*i + 372 = 4*g. What is the tens digit of g?
9
Let p(c) = -3*c**2 - 6*c - 3*c**2 + 10*c**2 + c**3. Let f be p(-5). Suppose 4 + 3 = q - 4*k, 7 = q + f*k. What is the units digit of q?
7
Let s be 11/3 + 2/(-3). Suppose 0 = s*m + m - 32. What is the units digit of m?
8
Let p = -3 + 64. Suppose -3*x + p = -2. What is the units digit of x?
1
Let l = -163 - -365. What is the units digit of l?
2
Suppose -l - 14 + 60 = 0. What is the tens digit of l?
4
Suppose 0 = -g - 0*g + 5. Suppose -18 - 2 = -g*j. Suppose 5*q - j*n = -0*q + 21, n - 1 = -5*q. What is the units digit of q?
1
Let f(z) = -75*z**3 - z**2 - z - 1. What is the tens digit of f(-1)?
7
Let m = -17 - -32. What is the tens digit of m?
1
What is the tens digit of (-3)/(6/9 - (-291)/(-423))?
4
Let k(g) = g**3 - 5*g**2 + 9*g - 5. Let t be k(5). Let c = t + -23. What is the tens digit of c?
1
Let d(c) be the third derivative of c**6/120 + c**5/60 + 8*c**3/3 + 6*c**2. What is the units digit of d(0)?
6
Suppose 11 = 3*n + 3*l - 46, -4 = -2*l. Suppose -5*p = -n - 3. Suppose 4*m = -p*w + 6*w - 36, -4 = 2*m. What is the units digit of w?
4
Let a(r) = 0*r - 1 - 4 - 5*r + 0*r + r**2. What is the units digit of a(6)?
1
Suppose 0 = -4*z + 815 + 185. What is the hundreds digit of z?
2
Let k be -3 + 0 + (0 - 0). Let b = k - -5. What is the units digit of b?
2
Let t = 39 - 10. Suppose -1 = w, 2*w = -3*v + 59 + t. Suppose 3*p = -2*p + v. What is the units digit of p?
6
Suppose -r = r + 2. Let c be (-1)/(r/(-2)) + 3. Let o = c - -3. What is the units digit of o?
4
Let n be ((-205)/(-20))/((-1)/(-4)). Let f = n - 61. Let p = f - -41. What is the units digit of p?
1
Suppose 2*n - 6*n = 0. Suppose -4*b - i + 168 = n, -b - i - 3*i + 57 = 0. Suppose -5*a + b = -14. What is the units digit of a?
1
What is the units digit of 11/(-2)*(2 + -4)?
1
Let n be (-10)/((-6)/3) - 0. Suppose 0 = -5*y - 0*s + 3*s + 69, 4*y - 33 = -n*s. What is the units digit of (-82)/(-6) + y/(-18)?
3
Suppose 4*h + 10 - 38 = 0. What is the units digit of h?
7
Let p be (-2 + 11)/(-3) + 22. Suppose -y - y + 32 = 3*u, -2*u + p = -y. Suppose -5*v + 40 = -u. What is the units digit of v?
0
Suppose -g = 4*g - 15. Suppose -9 = 5*n + 5*z - 74, 3*n - g*z = 39. What is the tens digit of n?
1
Suppose 4 = 4*r - 16. Suppose -141 = -r*d + 2*n, n = -5*d - 4*n + 120. Suppose -w + 4*w = d. What is the units digit of w?
9
Let t = 3 - 1. Let x = 1 + t. What is the units digit of x?
3
Let c(m) be the first derivative of m**3 + m**2 + m - 4. What is the units digit of c(-2)?
9
Let m = 1 + 2. What is the units digit of m/(10/(-16) - -1)?
8
Suppose -2*o - 2*f + 169 = -3*f, -164 = -2*o - 4*f. What is the units digit of o/49 - 4/(-14)?
2
Suppose -4*i - i - 4*s = 0, 4*s = i - 24. Suppose -44 = -i*u - 0. What is the tens digit of u?
1
Let m(a) = a**3 - 4*a**2 - 6*a + 16. What is the tens digit of m(5)?
1
Let u = -66 + 84. What is the units digit of u?
8
Let f(r) = r**3 - 4*r**2 - 3*r - 2. Let n = 41 - 11. Suppose 4*x - n = 5*l, -3*l + 0*l = -x + 11. What is the units digit of f(x)?
8
Let z(p) = -2 + 2*p - 3*p - 2. Let y be z(-6). Let q = y - -8. What is the tens digit of q?
1
Suppose -4*z - 18 = -4*j - 6, 0 = z - 3*j + 11. What is the units digit of z?
1
Let r be (-5)/(15/(-12)) - 2. What is the units digit of (-210)/(-28) + 1/r?
8
Let i(o) = o**3 + o**2 - 3*o - 1. Let q(k) = -k**2 + 3*k + 2. Let d be q(3). Suppose 4*b + d = -6. What is the units digit of i(b)?
1
Let m = -6 - -8. Let q be 0 + (2 - -2) + m. Suppose 0 = -4*h + f - q + 45, 4*h + 2*f - 30 = 0. What is the units digit of h?
9
Suppose -4 = -5*o + 4*d, -2*o + o = -4*d - 4. Let p(a) = -7*a + 7. Let b(i) = 20*i - 20. Let x(w) = -6*b(w) - 17*p(w). What is the units digit of x(o)?
1
Suppose 21 = -0*j + j. Let o = 31 - j. What is the units digit of o?
0
Let b be (-2)/6 + (-39)/(-9). Let t be 51 + (b/2 - 1). Suppose 0 = 2*o + 2*o - t. What is the units digit of o?
3
Suppose -3*i - 5*a + 40 = 0, -27 = -3*i - a + 5. Let r be (i/(-4))/((-2)/4). Suppose 0 = -r*t + 3*l + 28, -t = -5*t - 5*l + 52. What is the units digit of t?
8
Suppose -6*u + 3*u = -3*x - 837, 0 = 4*x. What is the units digit of u?
9
Let m(x) = -3*x**2 - x**3 + 7*x**2 + 5*x + x**2. Let y be m(6). What is the units digit of (y/4)/((-6)/8)?
2
Let b be (-5)/(10/4) - 38. Let g be (-4)/6 + b/(-6). Suppose 2 = n - g. What is the units digit of n?
8
What is the units digit of (-5)/20 - 195/(-12)?
6
Suppose -5*p = -5*t + 220, 4*t - 50 = 3*t + 4*p. What is the tens digit of t?
4
Suppose 84 = 5*y + 14. What is the tens digit of y?
1
Suppose y - 7 = 2*y. Let a(h) = -h - 6. What is the units digit of a(y)?
1
Suppose 4*i - 21 = c, -i - 2*c = 4*i - 10. Let x(h) = -6*h. Let r(m) = -7*m. Let k(o) = 3*r(o) - 4*x(o). What is the tens digit of k(i)?
1
Suppose 47 = -0*n + n. Suppose 4*h - 29 = n. What is the units digit of h?
9
What is the units digit of ((1 - 61) + (-2)/(-2))/(-1)?
9
Let j(m) = -m**3 + 3*m**2 - 3*m + 1. Let s be j(3). Let l = s - -10. What is the units digit of 4*(-1 + l + 0)?
4
Let t = 0 - 0. Let b be (t/1)/(-1) - -5. Suppose 0 = -b*k + 31 + 4. What is the units digit of k?
7
Let q be (-1)/((-58)/(-60) + -1). Suppose -z = -6*z + q. Let d = z - 1. What is the units digit of d?
5
Let o(p) = -2*p**3 + p + 9. What is the hundreds digit of o(-5)?
2
Suppose -y - 2*v + v - 2 = 0, y + 5*v + 14 = 0. What is the units digit of (y - 3)*(-17)/34?
1
Let i = -90 + 455. What is the hundreds digit of i?
3
Let q(k) be the second derivative of -k**5/30 - k**4/12 + k**3/3 - k. Let z(i) be the second derivative of q(i). What is the units digit of z(-3)?
0
Let n = 5 + -3. Let c = 1 - n. What is the units digit of -2*(-7 - c - -2)?
8
Suppose 0 = 2*s + s - 24. Let i be ((1 - 5) + 5)*0. Suppose 38 = 2*l - s*j + 4*j, -3*l - 4*j + 17 = i. What is the units digit of l?
1
Suppose 0 = 3*a - 3*s - 9, -a + s + 1 = -s. Suppose t - a + 0 = 0. Suppose 49 = t*g + 4. What is the units digit of g?
9
Suppose -4 = -6*x + 4*x. What is the units digit of 1 + x - 14/(-2)?
0
Let t(h) = h**3 + 5*h**2 + 3*h - 1. Suppose 13 = 2*k + 5. Suppose -2*d = -k + 12. What is the units digit of t(d)?
3
Let q be 3 + (3 - 4 - -68). Suppose 4*t + q = 278. What is the units digit of t?
2
Let s be 2 + 1 + 0 + -3. Let z(m) be the second derivative of m**5/20 + m**3/6 + 3*m**2 - m. What is the units digit of z(s)?
6
Suppose 0 = c - 2*k - 2, c - 3*k = -c + 1. Suppose 0 = -2*h + 3*d + 2*d - 48, -4*d = 2*h + 48. What is the units digit of h/(-2)*c/(-3)?
6
Suppose -5*s + 0*s = 120. What is the units digit of (s/(-40))/(1/5)?
3
Suppose 3*d - 107 = -5*u, 3*d + 0*d = 5*u + 157. What is the tens digit of d?
4
What is the units digit of ((-6)/12)/(1/(-58))?
9
Let g = 53 + -17. What is the units digit of g?
6
Let h = 89 - 38. What is the tens digit of h?
5
Let j(a) = -a + 12. Let f be j(8). Let x = 21 + -15. What is the units digit of (x/f)/(6/56)?
4
Suppose -y + 3 = -0. What is the units digit of (1/y)/((-2)/(-6))?
1
What is the tens digit of (0 - (-164)/8)*2?
4
Suppose -2*y + 5*t = -5*y - 80, 0 = -3*t + 6. Let n be 36*5/(y/(-4)). Let f = n - 12. What is the tens digit of f?
1
Suppose 5*l = 5, -2*l = u + 71 - 182. What is the tens digit of u?
0
Let n(z) be the second derivative of z**6/360 - 11*z**5/120 + z**4/6 - 2*z. Let h(j) be the third derivative of n(j). What is the units digit of h(11)?
1
Let o = -216 - -532. What is the units digit of o?
6
Let g(w) = -7*w - 21. What is the units digit of g(-6)?
1
Suppose 2*m - 54 = -m. What is the units digit of m?
8
Let x(t) = -4 + 2*t + 5 - t + 4. Suppose -2*h = -h + 3. What is the units digit of x(h)?
2
Let z = -6 + -2. Let h(y) = y**2 + 6*y - 11. What is the units digit of h(z)?
5
Suppose -2*d - d = -60. What is the tens digit of d?
2
Suppose 0 = -m - 5 - 0. Suppose 5*s = 2*z + 34, -3*s - 2*s + 26 = 2*z. Let r = m + s. What is the units digit of r?
1
Suppose 0 = 4*b - 3*k - 261, -61 = -5*b + 2*k + 274. What is the units digit of b?
9
Let b(y) = y**3 - 7*y**2 + 1. Let q be b(6). What is the units digit of (-234)/(-14) + (-10)/q?
7
Let w(y) = -y**2 - 8*y - 1. What is th